9*w - 5*w. Calculate the greatest common divisor of w and a.
8
Let g(k) = 3*k**2 + 2*k + 7. Let j be g(-3). Calculate the greatest common factor of j and 8.
4
Let i = 27 + -7. Let z be ((-40)/(-6))/(1/3). What is the greatest common divisor of i and z?
20
Suppose -l = -5*l + 3*u + 16, 4*l - u - 24 = 0. Let q = 27 - l. Suppose -180 = p - 2*p. Calculate the highest common divisor of p and q.
20
Let z = 41 + -39. Calculate the highest common divisor of z and 14.
2
Suppose -3*c - 20 = -7*c. What is the greatest common divisor of c and 35?
5
Let t be (1 + (-21)/15)*-5. Let b be t/3 + (-2)/3. Suppose b = 2*z + 5*q - 76, 2*z = q + 45 + 7. Calculate the greatest common factor of 42 and z.
14
Let n(z) = 5*z**2. Let l be n(1). Let x be 21/l - (-1)/(-5). Suppose 368 = x*v - 5*i + i, 4*v - 380 = i. What is the highest common divisor of 12 and v?
12
Suppose 9 = -w + 3. Let c be 93/7 + w/21. Calculate the greatest common divisor of c and 65.
13
Let h(d) = 13*d - 42. Let o be h(14). What is the highest common divisor of o and 35?
35
Let c be (-1)/4 + 90/(-24). Let f = c - -12. Calculate the highest common divisor of 1 and f.
1
Suppose 13*z - 140 = 8*z. What is the highest common factor of z and 28?
28
Suppose -5*t + 217 = 57. Calculate the highest common divisor of 160 and t.
32
Let n(w) = -2*w + 23. Let i be n(11). Calculate the highest common divisor of i and 2.
1
Suppose -3*b + 30 = -b. Let d = b - 5. Calculate the highest common divisor of d and 5.
5
Suppose 2*z - 6 = -0*z. Let r be (-39 - -1)*z/(-6). Let k be 0/(-2) - r*-5. Calculate the greatest common factor of 19 and k.
19
Suppose -c + 4*d = 45, c + 97 = -c + d. Let l = 94 + c. Suppose -4*a + 20 = -b, -4*b + b - 10 = -2*a. Calculate the greatest common divisor of a and l.
5
Suppose -2*x + 50 = -0. Let a = 36 - x. Calculate the highest common factor of 77 and a.
11
Let j be 5 + (14 - 2)/3. Calculate the greatest common factor of j and 3.
3
Let o = 465 + -227. Calculate the greatest common factor of o and 14.
14
Let g(k) = 5*k + 3. Suppose -3*o - 3*q + 66 = 0, -5*o - 3*q - q = -105. Let a = o - 11. Let p be g(a). What is the highest common divisor of 11 and p?
11
Suppose -3*y + 364 = y. Calculate the greatest common factor of y and 13.
13
Suppose -29*j + 26*j = -45. Calculate the highest common factor of 90 and j.
15
Suppose 138 = 2*o + 6. Calculate the highest common factor of o and 11.
11
Suppose 4*q - 4*r + 60 = 5*q, r = q - 75. Calculate the greatest common divisor of 8 and q.
8
Let n(l) = 2*l - 22. Let t be n(12). Calculate the greatest common divisor of 18 and t.
2
Let q = 14 + -20. Let f = 18 - q. Calculate the greatest common factor of 60 and f.
12
Let w be (-2)/(-2) - (0 - 2). Let j = -89 + 110. What is the greatest common divisor of j and w?
3
Let y be (-2)/3*(-21 - -12). Suppose 4*o = -2*o + 396. Calculate the highest common divisor of o and y.
6
Let f = 0 - -12. Suppose -3*d = 5*a + f, 2*a - 4 + 10 = 0. Calculate the highest common divisor of d and 7.
1
Suppose -468 = -3*x + 4*q, 2*x - 5*q = -q + 316. What is the highest common factor of x and 19?
19
Let m be (72/45)/(4/190). Calculate the greatest common factor of m and 19.
19
Let q be (-270)/12 + (-2)/4. Let l = q + 55. What is the highest common factor of l and 4?
4
Suppose -58*w + 62*w = 136. What is the highest common divisor of 102 and w?
34
Suppose u + 0 - 16 = 0. Calculate the greatest common divisor of u and 32.
16
Suppose 0*z + 5*z - 30 = 0. Suppose z*m - 33 = 3*m. What is the greatest common divisor of m and 99?
11
Let z = 220 - 129. What is the highest common divisor of 13 and z?
13
Suppose -27 = b - 2*b. Let u be 4/(-8)*(0 + -6). Suppose -3*y + 50 = j, 2*j - 34 = -u*y - 3*j. Calculate the greatest common factor of b and y.
9
Suppose 5*g - 28 - 62 = 0. Suppose 5*a = 5*q + 60, 4*q - 66 = -2*a - g. What is the highest common divisor of 24 and a?
8
Let f = -89 + 273. What is the highest common divisor of f and 23?
23
Let b be (-2 - (-6 + -2)) + -1. Let m(y) = y**3 - 20*y. Let d be m(5). What is the greatest common factor of d and b?
5
Suppose 3*m - 4*l + 22 = -0*l, 5*m + 35 = 5*l. Let c(z) = -z + 10. Let b be c(m). Calculate the greatest common divisor of 4 and b.
4
Suppose -3*d + 6*v - v = -15, -9 = -2*d + 3*v. Suppose -b - 11 + 65 = 2*a, b - 2*a - 42 = d. What is the highest common factor of 12 and b?
12
Let p(x) = -x**2 - 7*x + 9. Let v be p(-6). Suppose 0 = -v*a + 12*a + 6. Calculate the greatest common divisor of a and 4.
2
Let g = -5 - -17. Calculate the highest common divisor of 96 and g.
12
Let h(t) = -2*t**2 - 18*t - 4. Let d be h(-8). Calculate the greatest common divisor of 36 and d.
12
Let r = 6 + -6. Suppose -2*w - 64 = -3*w + 2*d, d = r. Let k = w + 40. Calculate the greatest common divisor of k and 13.
13
Let n(f) = 8*f - 361. Let w be n(46). Let a be (42/(-8) + 0)*-4. Calculate the greatest common factor of w and a.
7
Let k = 2 + -4. Let s be (-34)/(-4) + 1/k. Calculate the highest common factor of 8 and s.
8
Let v be ((-565)/15 - -3)*-6. Let l = v + -100. Let s = 34 - 22. What is the highest common divisor of l and s?
12
Let s be ((-6)/12)/((-1)/4). Suppose 0 = -s*c + 43 + 17. What is the greatest common divisor of c and 12?
6
Let w = -624 + 442. Let q be w/(-5) - (-6)/(-15). Calculate the greatest common factor of q and 12.
12
Let z = 33 + -17. Suppose -3*n = n + 1056. Let c be (n/(-9))/((-5)/(-30)). Calculate the highest common factor of c and z.
16
Suppose -2*u = -2*f - 2 - 0, -4*u + 2*f + 6 = 0. Let z = -38 + 26. Let o = -4 - z. What is the greatest common divisor of o and u?
2
Let a = -4 - -40. What is the greatest common factor of 9 and a?
9
Suppose n - 6 = -z + 4*n, 4*z - 10 = -2*n. Suppose z*h = 12 + 15. Suppose 0 = -0*r - 2*r + 72. Calculate the highest common divisor of h and r.
9
Let n(i) = 9*i**2 + 0*i**3 - 7 + 7*i + 4*i**3 - 3*i**3. Let x be n(-7). Suppose 0*m = 2*m - x. Calculate the highest common factor of m and 14.
7
Let j be 3/12 - 38/(-8). Let s(t) = -t**3 - 1 + 3 + 3*t - 3*t. Let h be s(-2). What is the greatest common divisor of h and j?
5
Let c(t) = 8*t**2 - t + 6. Let x be c(6). Suppose 4*m = -4*w + x, w - 5*m - 84 = -3*m. Suppose -3*q - 27 = -84. What is the highest common factor of w and q?
19
Suppose -37 = -4*o + 5*z, -5*z - 25 - 9 = -3*o. Let w = 12 + -8. Suppose 20 = -w*a + 56. Calculate the highest common factor of a and o.
3
Suppose -2*w - 2*w + 88 = 0. Calculate the highest common factor of 110 and w.
22
Suppose -a = 4*k - 316, -3*a - 2*a + 380 = 5*k. What is the highest common divisor of 32 and k?
16
Let c = 4 + 47. Suppose -c = -2*d - d. Calculate the highest common divisor of 17 and d.
17
Let c(a) = a**2 + 12*a - 10. Let g be c(-13). Suppose -3*i = 2*n - 0*i - 360, 2*n - g*i = 360. Calculate the greatest common divisor of 20 and n.
20
Let f(p) = p**2 + 2*p + 37. Let c be f(0). Calculate the greatest common divisor of 185 and c.
37
Let u(v) = 7*v - 15. Let y be u(6). Calculate the greatest common factor of y and 18.
9
Let g = 86 - 37. Let j = 2 - -5. Calculate the greatest common divisor of j and g.
7
Let g(t) = t**3 + 6*t**2 - 3*t - 4. Let w be g(-6). Let s be (w/5)/((-1)/(-5)). Let r be 534/42 + 4/s. Calculate the greatest common factor of r and 39.
13
Suppose -4 + 0 = -2*n. Let o be ((-4)/4 + 12)*n. What is the highest common factor of o and 66?
22
Suppose 5*d - 2*d - 61 = -5*l, -26 = -2*l - 2*d. What is the greatest common factor of l and 363?
11
Let h(g) = 14*g**2 + 3*g - 3 + 2 - 6*g**2. Let j be h(3). What is the greatest common divisor of 32 and j?
16
Suppose 4*z = u - 78, 3*u - 2*z - 31 = 233. What is the greatest common divisor of u and 18?
18
Let a be 3/9 + (-15)/(-9). What is the greatest common divisor of 10 and a?
2
Let v(n) = -20*n**3 + 6*n + 5. Let y be v(-2). What is the highest common factor of 9 and y?
9
Suppose 0 = 3*j - 40 - 23. Let d(t) = -t**2 - 4*t. Let k be d(-5). Let z = j + k. Calculate the greatest common divisor of 24 and z.
8
Let d(i) = 32*i - 4. Let s be d(3). What is the highest common factor of 23 and s?
23
Let b = 20 + -13. Suppose 392 = 3*z + 4*z. Calculate the greatest common factor of b and z.
7
Suppose -36 = -2*u + 36. Let q be u*(-2 - 33/(-9)). Let v be (q/14)/(3/21). Calculate the greatest common divisor of 75 and v.
15
Suppose 5*w + 4*s +